{"id":21517,"date":"2023-11-07T22:48:31","date_gmt":"2023-11-07T21:48:31","guid":{"rendered":"https:\/\/www.pandalasocks.at\/?page_id=21517"},"modified":"2025-05-02T10:33:47","modified_gmt":"2025-05-02T08:33:47","slug":"natuerlich-bio","status":"publish","type":"page","link":"https:\/\/www.pandalas.at\/staging\/natuerlich-bio\/","title":{"rendered":"NAT\u00dcRLICH BIO"},"content":{"rendered":"<p>[et_pb_section fb_built=&#8221;1&#8243; _builder_version=&#8221;4.22.2&#8243; _module_preset=&#8221;default&#8221; background_color=&#8221;#FFFFFF&#8221; custom_margin=&#8221;-20px||||false|false&#8221; global_colors_info=&#8221;{}&#8221; theme_builder_area=&#8221;post_content&#8221;][et_pb_row column_structure=&#8221;3_5,2_5&#8243; _builder_version=&#8221;4.22.2&#8243; _module_preset=&#8221;default&#8221; width=&#8221;82%&#8221; max_width=&#8221;1327px&#8221; max_width_tablet=&#8221;2560px&#8221; max_width_phone=&#8221;2560px&#8221; max_width_last_edited=&#8221;on|desktop&#8221; module_alignment=&#8221;center&#8221; min_height=&#8221;600px&#8221; custom_margin=&#8221;0px||0px||false|false&#8221; border_color_all=&#8221;#FFFFFF&#8221; global_colors_info=&#8221;{}&#8221; theme_builder_area=&#8221;post_content&#8221;][et_pb_column type=&#8221;3_5&#8243; _builder_version=&#8221;4.22.2&#8243; _module_preset=&#8221;default&#8221; global_colors_info=&#8221;{}&#8221; theme_builder_area=&#8221;post_content&#8221;][et_pb_accordion open_toggle_text_color=&#8221;#000000&#8243; toggle_icon=&#8221;&#x37;||divi||400&#8243; icon_color=&#8221;#000000&#8243; admin_label=&#8221;Accordion&#8221; _builder_version=&#8221;4.22.2&#8243; _module_preset=&#8221;default&#8221; toggle_level=&#8221;h3&#8243; toggle_font=&#8221;Albert Sans|300||on|||||&#8221; toggle_text_align=&#8221;left&#8221; closed_toggle_font=&#8221;Albert Sans|300||on|||||&#8221; closed_toggle_text_align=&#8221;left&#8221; closed_toggle_font_size=&#8221;22px&#8221; body_font=&#8221;Albert Sans|300|||||||&#8221; body_text_align=&#8221;justify&#8221; body_text_color=&#8221;#000000&#8243; body_font_size=&#8221;16px&#8221; text_orientation=&#8221;justified&#8221; width=&#8221;100%&#8221; max_width=&#8221;97%&#8221; min_height=&#8221;522px&#8221; custom_margin=&#8221;|-49px||||&#8221; border_color_all=&#8221;#FFFFFF&#8221; global_colors_info=&#8221;{}&#8221; theme_builder_area=&#8221;post_content&#8221;][et_pb_accordion_item title=&#8221;NAT\u00dcRLICH &#038; BIO&#8221; open=&#8221;on&#8221; open_toggle_text_color=&#8221;#424242&#8243; closed_toggle_text_color=&#8221;#424242&#8243; _builder_version=&#8221;4.22.2&#8243; _module_preset=&#8221;default&#8221; body_text_align=&#8221;justify&#8221; body_text_color=&#8221;#424242&#8243; body_font_size=&#8221;18px&#8221; global_colors_info=&#8221;{}&#8221; theme_builder_area=&#8221;post_content&#8221;]<\/p>\n<p>Bei der Herstellung unserer St\u00fctzstr\u00fcmpfe achten wir sehr darauf den Anteil an Naturfasern m\u00f6glichst hoch und \u00fcber 50% zu halten. Dies erh\u00f6ht den Tragekomfort f\u00fcr dich, denn es macht die Str\u00fcmpfe besonders atmungsaktiv, w\u00e4rmereguliernd und sie f\u00fchlen sich angenehm weich auf deiner Haut an.<\/p>\n<p>Die Verwendung von Bio-Baumwolle und Bambusfaser spielt eine tragende Rolle f\u00fcr die \u00f6kologische Nachhaltigkeit.<\/p>\n<p>Denn <span>ein Bambuswald kann im Durchschnitt f\u00fcnf Mal mehr CO2 aufnehmen und 35 % mehr Sauerstoff produzieren als ein entsprechender Wald aus B\u00e4umen.<\/span><\/p>\n<p>[\/et_pb_accordion_item][et_pb_accordion_item title=&#8221;FUNQ\u00aeWEAR&#8221; open_toggle_text_color=&#8221;#424242&#8243; closed_toggle_text_color=&#8221;#424242&#8243; _builder_version=&#8221;4.22.2&#8243; _module_preset=&#8221;default&#8221; body_font=&#8221;Albert Sans|300|||||||&#8221; body_text_align=&#8221;justify&#8221; body_text_color=&#8221;#424242&#8243; body_font_size=&#8221;18px&#8221; body_letter_spacing=&#8221;1px&#8221; global_colors_info=&#8221;{}&#8221; toggle_text_color=&#8221;#424242&#8243; toggle_level=&#8221;h3&#8243; theme_builder_area=&#8221;post_content&#8221; open=&#8221;off&#8221;]<\/p>\n<p>St\u00fctzstr\u00fcmpfe aus Bio-Baumwolle \u2013 F\u00fcr das ultimative Wohlbefinden deiner Beine!<\/p>\n<p>Unsere FUNQ\u00aeWEAR-Kollektion bietet dir erstklassige St\u00fctzstr\u00fcmpfe aus hochwertiger Bio-Baumwolle. Mit einem ger\u00e4umigen Zehenbereich und einem einfachen Bund sorgen sie f\u00fcr h\u00f6chsten Tragekomfort.<\/p>\n<p>Und das Beste: Diese Vorteile kommen auch in stylishen, modernen und farbenfrohen Designs. Denn bei Pandala Socks wissen wir, dass gute Dinge in Farben kommen. Erlebe jetzt den Unterschied!<\/p>\n<p>&nbsp;<\/p>\n<p>[\/et_pb_accordion_item][et_pb_accordion_item title=&#8221;GOTS Zertifizierung&#8221; open_toggle_text_color=&#8221;#424242&#8243; closed_toggle_text_color=&#8221;#424242&#8243; _builder_version=&#8221;4.22.2&#8243; _module_preset=&#8221;default&#8221; body_font=&#8221;Albert Sans|300|||||||&#8221; body_text_align=&#8221;justify&#8221; body_text_color=&#8221;#424242&#8243; body_font_size=&#8221;18px&#8221; body_letter_spacing=&#8221;1px&#8221; global_colors_info=&#8221;{}&#8221; toggle_text_color=&#8221;#424242&#8243; theme_builder_area=&#8221;post_content&#8221; open=&#8221;off&#8221;]<\/p>\n<p>Unsere GOTS-zertifizierte Bio-Baumwolle bringt zahlreiche Vorteile f\u00fcr Mensch und Umwelt.<\/p>\n<p>Mit dem Global Organic Textile Standard garantieren wir nicht nur hochwertige Verarbeitung biologisch erzeugter Naturfasern, sondern erf\u00fcllen auch hohe Umwelt- und Sozialstandards. Unsere Bio-Modelle sorgen f\u00fcr gesunden und komfortablen Trageerlebnis bei, sondern leistest auch einen Beitrag zum Schutz der Umwelt. Entscheide dich f\u00fcr Pandala Socks und erlebe den Unterschied, den nachhaltige Mode machen kann.<\/p>\n<p>[\/et_pb_accordion_item][et_pb_accordion_item title=&#8221;Recycling &#8211; gemeinsam f\u00fcr unsere Umwelt&#8221; open_toggle_text_color=&#8221;#424242&#8243; closed_toggle_text_color=&#8221;#424242&#8243; _builder_version=&#8221;4.22.2&#8243; _module_preset=&#8221;default&#8221; body_text_align=&#8221;justify&#8221; body_text_color=&#8221;#424242&#8243; body_font_size=&#8221;18px&#8221; global_colors_info=&#8221;{}&#8221; toggle_text_color=&#8221;#424242&#8243; toggle_font_size=&#8221;22px&#8221; theme_builder_area=&#8221;post_content&#8221; open=&#8221;off&#8221;]<\/p>\n<p>Bei unserem Packmaterial verzichten wir weitgehend auf Plastik. Zus\u00e4tzlich arbeiten wir konstant daran unsere Verpackungen umweltfreundlicher zu machen. <span>So kann durch nachhaltiges Verpackungsdesign und die Recyclingf\u00e4higkeit mithilfe der Kreislaufwirtschaft der Verbrauch nicht erneuerbarer Rohstoffe verringert werden. Selbstverst\u00e4ndlich beteiligen wir unsere Verpackungen beim Dualen System &#8220;Der gr\u00fcne Punkt&#8221;.<\/span><\/p>\n<p>[\/et_pb_accordion_item][\/et_pb_accordion][\/et_pb_column][et_pb_column type=&#8221;2_5&#8243; _builder_version=&#8221;4.22.2&#8243; _module_preset=&#8221;default&#8221; global_colors_info=&#8221;{}&#8221; theme_builder_area=&#8221;post_content&#8221;][et_pb_image src=&#8221;https:\/\/www.pandalas.at\/wp-content\/uploads\/2023\/11\/Pandala23-0145_1200px-e1699295922516.jpg&#8221; title_text=&#8221;Pandala23-0145_1200px&#8221; _builder_version=&#8221;4.22.2&#8243; _module_preset=&#8221;default&#8221; transform_scale=&#8221;134%|134%&#8221; custom_margin=&#8221;70px||||false|false&#8221; global_colors_info=&#8221;{}&#8221; theme_builder_area=&#8221;post_content&#8221;][\/et_pb_image][\/et_pb_column][\/et_pb_row][et_pb_row _builder_version=&#8221;4.22.2&#8243; _module_preset=&#8221;default&#8221; width=&#8221;100%&#8221; max_width=&#8221;1396px&#8221; global_colors_info=&#8221;{}&#8221; theme_builder_area=&#8221;post_content&#8221;][et_pb_column type=&#8221;4_4&#8243; _builder_version=&#8221;4.22.2&#8243; _module_preset=&#8221;default&#8221; global_colors_info=&#8221;{}&#8221; theme_builder_area=&#8221;post_content&#8221;][et_pb_image src=&#8221;https:\/\/www.pandalas.at\/wp-content\/uploads\/2023\/11\/Logo_GP.jpg&#8221; title_text=&#8221;Der gr\u00fcne Punkt&#8221; align=&#8221;center&#8221; _builder_version=&#8221;4.22.2&#8243; _module_preset=&#8221;default&#8221; transform_scale=&#8221;114%|114%&#8221; max_width=&#8221;78%&#8221; module_alignment=&#8221;center&#8221; custom_margin=&#8221;0px||||false|false&#8221; global_colors_info=&#8221;{}&#8221; theme_builder_area=&#8221;post_content&#8221;][\/et_pb_image][\/et_pb_column][\/et_pb_row][\/et_pb_section]<\/p>\n","protected":false},"excerpt":{"rendered":"<p>[et_pb_section fb_built=&#8221;1&#8243; _builder_version=&#8221;4.22.2&#8243; _module_preset=&#8221;default&#8221; background_color=&#8221;#FFFFFF&#8221; custom_margin=&#8221;-20px||||false|false&#8221; global_colors_info=&#8221;{}&#8221; theme_builder_area=&#8221;post_content&#8221;][et_pb_row column_structure=&#8221;3_5,2_5&#8243; _builder_version=&#8221;4.22.2&#8243; _module_preset=&#8221;default&#8221; width=&#8221;82%&#8221; max_width=&#8221;1327px&#8221; max_width_tablet=&#8221;2560px&#8221; max_width_phone=&#8221;2560px&#8221; max_width_last_edited=&#8221;on|desktop&#8221; module_alignment=&#8221;center&#8221; min_height=&#8221;600px&#8221; custom_margin=&#8221;0px||0px||false|false&#8221; border_color_all=&#8221;#FFFFFF&#8221; global_colors_info=&#8221;{}&#8221; theme_builder_area=&#8221;post_content&#8221;][et_pb_column type=&#8221;3_5&#8243; _builder_version=&#8221;4.22.2&#8243; _module_preset=&#8221;default&#8221; global_colors_info=&#8221;{}&#8221; theme_builder_area=&#8221;post_content&#8221;][et_pb_accordion open_toggle_text_color=&#8221;#000000&#8243; toggle_icon=&#8221;&#x37;||divi||400&#8243; icon_color=&#8221;#000000&#8243; admin_label=&#8221;Accordion&#8221; _builder_version=&#8221;4.22.2&#8243; _module_preset=&#8221;default&#8221; toggle_level=&#8221;h3&#8243; toggle_font=&#8221;Albert Sans|300||on|||||&#8221; toggle_text_align=&#8221;left&#8221; closed_toggle_font=&#8221;Albert Sans|300||on|||||&#8221; closed_toggle_text_align=&#8221;left&#8221; closed_toggle_font_size=&#8221;22px&#8221; body_font=&#8221;Albert Sans|300|||||||&#8221; body_text_align=&#8221;justify&#8221; body_text_color=&#8221;#000000&#8243; body_font_size=&#8221;16px&#8221; text_orientation=&#8221;justified&#8221; width=&#8221;100%&#8221; max_width=&#8221;97%&#8221; min_height=&#8221;522px&#8221; custom_margin=&#8221;|-49px||||&#8221; border_color_all=&#8221;#FFFFFF&#8221; global_colors_info=&#8221;{}&#8221; theme_builder_area=&#8221;post_content&#8221;][et_pb_accordion_item title=&#8221;NAT\u00dcRLICH [&hellip;]<\/p>\n","protected":false},"author":985,"featured_media":0,"parent":0,"menu_order":0,"comment_status":"closed","ping_status":"closed","template":"","meta":{"footnotes":""},"class_list":["post-21517","page","type-page","status-publish","hentry"],"_links":{"self":[{"href":"https:\/\/www.pandalas.at\/staging\/wp-json\/wp\/v2\/pages\/21517","targetHints":{"allow":["GET"]}}],"collection":[{"href":"https:\/\/www.pandalas.at\/staging\/wp-json\/wp\/v2\/pages"}],"about":[{"href":"https:\/\/www.pandalas.at\/staging\/wp-json\/wp\/v2\/types\/page"}],"author":[{"embeddable":true,"href":"https:\/\/www.pandalas.at\/staging\/wp-json\/wp\/v2\/users\/985"}],"replies":[{"embeddable":true,"href":"https:\/\/www.pandalas.at\/staging\/wp-json\/wp\/v2\/comments?post=21517"}],"version-history":[{"count":4,"href":"https:\/\/www.pandalas.at\/staging\/wp-json\/wp\/v2\/pages\/21517\/revisions"}],"predecessor-version":[{"id":23525,"href":"https:\/\/www.pandalas.at\/staging\/wp-json\/wp\/v2\/pages\/21517\/revisions\/23525"}],"wp:attachment":[{"href":"https:\/\/www.pandalas.at\/staging\/wp-json\/wp\/v2\/media?parent=21517"}],"curies":[{"name":"wp","href":"https:\/\/api.w.org\/{rel}","templated":true}]}}